onvert -425212 (base 8) to base 7.
-1130612
Convert -434631 (base 7) to base 10.
-76119
Convert -c44c9 (base 13) to base 10.
-352361
What is 1100101011110001110101 (base 2) in base 4?
30223301311
What is -102111122020 (base 3) in base 11?
-145159
Convert -14242312 (base 8) to base 16.
-3144ca
10101110000100101010 (base 2) to base 7
6026503
What is -10010000100001000101 (base 2) in base 8?
-2204105
What is -201202422 (base 6) in base 7?
-41041523
Convert 534753 (base 10) to base 11.
33584a
What is 2356258 (base 13) in base 9?
22488681
What is 19a32 (base 14) in base 10?
65116
What is -2100002022212 (base 3) in base 12?
-4ba712
Convert 654430 (base 8) to base 2.
110101100100011000
Convert -83076 (base 9) to base 11.
-38148
What is -45dc (base 14) in base 8?
-27566
Convert -4316681 (base 10) to base 8.
-20357011
-203167 (base 8) to base 14
-1a6b5
What is 13525104 (base 6) in base 2?
1110000111010100000
-100100000010011011 (base 2) to base 5
-14210421
Convert 152224354 (base 6) to base 15.
430a8d
What is 26700020 (base 9) in base 5?
11332333240
-a2ec (base 15) to base 9
-52186
Convert 185638 (base 15) to base 16.
120bbd
What is -102779 (base 14) in base 2?
-10000101000000010111
Convert 1021101200111 (base 3) to base 11.
422715
What is -100011010011111110010 (base 2) in base 13?
-3168a2
-10220026 (base 8) to base 6
-114310250
What is -30312515 (base 6) in base 11?
-540a24
What is 477a1a (base 11) in base 6?
24121423
-104033203 (base 5) to base 8
-1571404
10101010001101000010 (base 2) to base 11
436867
-1016936 (base 12) to base 15
-3e9536
17dcc (base 16) to base 11
67485
Convert 113110131022 (base 4) to base 14.
b51b3c
What is -3356125 (base 10) in base 11?
-1992563
78377 (base 10) to base 15
18352
Convert -51aaef (base 16) to base 8.
-24325357
31302221 (base 9) to base 5
12323343014
615a8 (base 13) to base 7
1324611
Convert -4314b (base 12) to base 2.
-10101100100001011
Convert 11122 (base 10) to base 8.
25562
Convert -654143 (base 7) to base 2.
-11011111001111011
What is -12640624 (base 7) in base 10?
-1169599
Convert -11005 (base 9) to base 6.
-53435
What is -14647501 (base 8) in base 11?
-1997432
What is -1000310112 (base 4) in base 10?
-265494
Convert -46161 (base 7) to base 11.
-8916
145d48 (base 15) to base 2
11101111101011101111
14480a4 (base 11) to base 16
25eb63
-10454432 (base 7) to base 3
-1200221120002
Convert -23320134 (base 5) to base 9.
-355238
1110110110000000 (base 2) to base 14
1822c
-3024357 (base 9) to base 10
-1610656
What is 488359b (base 12) in base 16?
d73f87
Convert 420353310 (base 6) to base 8.
33703152
What is 541442 (base 7) in base 10?
94208
Convert -15288188 (base 9) to base 14.
-1023adb
Convert -20104423 (base 5) to base 3.
-22010110111
40589 (base 11) to base 16
e782
What is 43521143 (base 6) in base 7?
14030232
-3415016 (base 7) to base 10
-424304
What is -131203233 (base 4) in base 11?
-82a65
What is 197ba (base 15) in base 5?
10122000
What is 3161324 (base 8) in base 9?
1526383
Convert -124004441 (base 6) to base 2.
-1001010000100100001001
Convert -45320353 (base 8) to base 4.
-211122003223
-112311302 (base 5) to base 6
-14534014
151a34 (base 11) to base 4
321310202
What is 98564 (base 14) in base 3?
200201211221
10011100001111011110 (base 2) to base 13
1953a2
131100121013 (base 4) to base 15
a175ce
1201441 (base 9) to base 13
19a1b5
Convert -30303110 (base 4) to base 8.
-146324
-10200113010 (base 4) to base 16
-1205c4
1014b9 (base 13) to base 12
160752
What is -4b128 (base 14) in base 15?
-39820
-1160322 (base 7) to base 4
-210120201
What is -6c5b7 (base 13) in base 9?
-332535
-15032574 (base 8) to base 12
-11900a4
What is 38ac (base 16) in base 14?
5404
What is 32032232 (base 4) in base 9?
87852
What is -830117 (base 11) in base 16?
-1454f6
-3031130103 (base 4) to base 7
-10103220
-542133 (base 8) to base 7
-1353454
What is -384463 (base 9) in base 14?
-60c60
Convert -126720 (base 8) to base 11.
-30481
What is -11020002220012 (base 3) in base 9?
-4202805
What is 200121020 (base 3) in base 8?
32370
-958b5 (base 12) to base 11
-124745
1544b9 (base 14) to base 5
142214302
Convert 29a97 (base 11) to base 6.
525041
Convert 35553131 (base 6) to base 10.
1119151
What is 10110100101010101 (base 2) in base 16?
16955
Convert -4459ad (base 14) to base 4.
-20312203111
What is -24216610 (base 7) in base 9?
-4045487
What is -a257b (base 13) in base 2?
-1000111000010000111
105352 (base 9) to base 11
43359
What is -bb3b8b (base 13) in base 16?
-433eaf
-64625 (base 10) to base 16
-fc71
What is 186111 (base 13) in base 10?
613146
Convert -2c8c8 (base 13) to base 2.
-10100110000001010
-1400703 (base 8) to base 15
-7b997
473073 (base 8) to base 7
1241243
-29185 (base 13) to base 9
-126767
Convert -129de7 (base 15) to base 10.
-894142
What is -657233 (base 12) in base 9?
-3022233
What is 221201212121 (base 3) in base 14?
d2871
What is 553375 (base 8) in base 11?
117910
What is -116723 (base 9) in base 10?
-70572
Convert 1506997 (base 10) to base 6.
52144501
Convert 204020 (base 9) to base 4.
131203020
What is -70958 (base 10) in base 11?
-49348
-a1826 (base 11) to base 7
-1156431
What is -32022101 (base 4) in base 11?
-3a639
Convert -2bc62 (base 13) to base 12.
-40319
What is 221122211101 (base 3) in base 13?
148b79
-102201311300 (base 4) to base 9
-10122738
Convert 1000100100010101111 (base 2) to base 15.
582bb
Convert -960337 (base 11) to base 16.
-1776ac
Convert -5660607 (base 11) to base 4.
-211310011302
Convert -71578 (base 10) to base 3.
-10122012001
What is -35422232 (base 6) in base 8?
-4162554
Convert 22404c (base 13) to base 10.
808560
Convert a2e68 (base 16) to base 14.
135240
130245004 (base 6) to base 14
4a2176
-2705863 (base 9) to base 8
-5513577
What is 100001010000011110 (base 2) in base 4?
201100132
What is 1387d (base 15) in base 6?
1202044
Convert 102113320 (base 4) to base 9.
124207
What is 2dbf6 (base 16) in base 15?
3a7c2
1644375 (base 8) to base 13
13940c
Convert -10242014 (base 6) to base 5.
-34113424
What is -a0a0b (base 15) in base 7?
-4215353
184096 (base 11) to base 4
1011033120
Convert -171ba3 (base 12) to base 4.
-1201001223
What is 664144 (base 7) in base 4?
130133131
1110001110010101100001 (base 2) to base 8
16162541
-18918 (base 13) to base 16
-ba3f
What is -2685b8 (base 12) in base 15?
-c8a0e
-20a74 (base 11) to base 14
-b1db
-2812b9c (base 13) to base 15
-11a0bc0
What is -33a13 (base 13) in base 6?
-2003032
What is -11771467 (base 8) in base 13?
-708916
161248 (base 9) to base 2
11000010000010110
3d90d (base 16) to base 9
423822
-100011000100100010001111 (base 2) to base 14
-131462b
16002c (base 13) to base 8
2043751
What is 14111352 (base 6) in base 13?
138866
Convert 6878245 (base 10) to base 7.
112315123
Convert 159dc1 (base 14) to base 16.
b8e45
Convert 120534042 (base 6) to base 10.
2283146
What is -c30801 (base 14) in base 5?
-3140230310
What is -1112322023 (base 4) in base 7?
-3011561
What is -12220222012 (base 3) in base 16?
-1c78a
What is 3374520 (base 10) in base 4?
30313312320
What is 230102021 (base 4) in base 12?
88b75
-132032200212 (base 4) to base 16
-78e826
Convert -16cda1 (base 15) to base 14.
-20b461
-465150 (base 9) to base 8
-1041445
Convert 1001101111110100111101 (base 2) to base 8.
11576475
What is 51444 (base 12) in base 4?
121320310
Convert 423a4 (base 12) to base 14.
23992
-1001011001010010000101 (base 2) to base 10
-2462853
-26cd (base 16) to base 6
-113553
132744 (base 10) to base 13
48561
Convert 93586 (base 12) to base 16.
2f076
What is -27a078 (base 16) in base 2?
-1001111010000001111000
-149a (base 12) to base 8
-4566
Convert b021a (base 12) to base 14.
5d34a
What is -11001110111001111 (base 2) in base 14?
-2a86b
Convert -3cc21 (base 14) to base 2.
-100100110000011101
What is 2116680 (base 13) in base 8?
46317474
30367650 (base 8) to base 7
105361242
Convert 122202201100221 (base 3) to base 14.
137b0c4
Convert -121163 (base 7) to base 5.
-1201141
What is 620101 (base 7) in base 4?
121303132
What is -123a9 (base 13) in base 12?
-17541
What is -1102012212211 (base 3) in base 12?
-3033aa
-1010201112 (base 3) to base 6
-251405
-101000001000000010 (base 2) to base 6
-3304522
What is -411275 (base 8) in base 2?
-100001001010111101
Convert -3613a4 (base 15) to base 7.
